or of 893?
True
Does 14 divide 98?
True
Is 264 a multiple of 88?
True
Is 26 a factor of 91501?
False
Is 2 a factor of 157?
False
Does 66 divide 73194?
True
Does 8 divide 72?
True
Does 4 divide 448?
True
Does 26 divide 17212?
True
Does 15 divide 915?
True
Is 10017 a multiple of 156?
False
Does 44 divide 396?
True
Does 8 divide 12641?
False
Is 52 a factor of 822?
False
Is 34 a factor of 2427?
False
Is 21 a factor of 14784?
True
Is 108 a factor of 23436?
True
Does 19 divide 57?
True
Is 12 a factor of 2398?
False
Is 26656 a multiple of 112?
True
Is 7533 a multiple of 76?
False
Is 3556 a multiple of 14?
True
Is 3662 a multiple of 19?
False
Is 5 a factor of 5430?
True
Is 3 a factor of 555?
True
Does 2 divide 890?
True
Is 36611 a multiple of 31?
True
Does 34 divide 26112?
True
Does 70 divide 110?
False
Is 22 a factor of 547?
False
Is 10930 a multiple of 33?
False
Is 101 a factor of 4646?
True
Does 253 divide 72864?
True
Does 14 divide 303?
False
Is 15750 a multiple of 105?
True
Is 32160 a multiple of 80?
True
Is 28 a factor of 11564?
True
Is 4 a factor of 238?
False
Is 65 a factor of 14235?
True
Is 5117 a multiple of 119?
True
Does 32 divide 2713?
False
Is 69969 a multiple of 318?
False
Does 15 divide 21045?
True
Does 28 divide 159995?
False
Is 20 a factor of 56820?
True
Does 8 divide 4091?
False
Is 14 a factor of 2011?
False
Does 65 divide 1560?
True
Does 64 divide 42624?
True
Is 314 a multiple of 3?
False
Is 114 a multiple of 3?
True
Is 2056 a multiple of 13?
False
Is 20780 a multiple of 15?
False
Is 5 a factor of 565?
True
Is 9296 a multiple of 16?
True
Does 35 divide 2730?
True
Is 139 a factor of 29083?
False
Is 13 a factor of 13689?
True
Does 10 divide 1180?
True
Is 4076 a multiple of 7?
False
Is 840 a multiple of 20?
True
Does 140 divide 560?
True
Does 7 divide 1773?
False
Does 2 divide 46?
True
Is 10 a factor of 200?
True
Is 168 a multiple of 14?
True
Does 24 divide 1752?
True
Is 113 a factor of 571?
False
Is 56 a factor of 29777?
False
Is 138 a factor of 6606?
False
Does 13 divide 1443?
True
Is 8190 a multiple of 78?
True
Does 14 divide 392?
True
Does 16 divide 2144?
True
Is 3425 a multiple of 11?
False
Does 66 divide 1188?
True
Is 23 a factor of 77?
False
Does 45 divide 7920?
True
Is 31 a factor of 789?
False
Is 102 a factor of 4628?
False
Does 186 divide 10311?
False
Is 34 a factor of 3437?
False
Does 29 divide 10585?
True
Is 42457 a multiple of 132?
False
Does 5 divide 23130?
True
Is 14 a factor of 1526?
True
Does 4 divide 11820?
True
Is 5240 a multiple of 10?
True
Does 11 divide 20583?
False
Is 62 a factor of 4059?
False
Is 1991 a multiple of 11?
True
Does 4 divide 1396?
True
Is 20 a factor of 12060?
True
Is 29 a factor of 8961?
True
Does 32 divide 2144?
True
Does 43 divide 2323?
False
Does 19 divide 4123?
True
Is 595 a multiple of 7?
True
Is 2044 a multiple of 45?
False
Is 21 a factor of 74919?
False
Is 26 a factor of 336?
False
Does 11 divide 159?
False
Is 2334 a multiple of 5?
False
Does 7 divide 9604?
True
Is 7047 a multiple of 87?
True
Does 4 divide 1068?
True
Is 7 a factor of 294?
True
Does 58 divide 3886?
True
Is 33 a factor of 26400?
True
Is 529 a multiple of 33?
False
Does 6 divide 197?
False
Does 25 divide 8550?
True
Does 7 divide 644?
True
Does 137 divide 2877?
True
Is 1222 a multiple of 25?
False
Is 15 a factor of 4167?
False
Does 4 divide 1109?
False
Is 22304 a multiple of 41?
True
Is 280 a factor of 4244?
False
Does 8 divide 64348?
False
Is 55403 a multiple of 136?
False
Is 12138 a multiple of 14?
True
Is 8525 a multiple of 31?
True
Is 33 a factor of 7689?
True
Is 2367 a multiple of 11?
False
Does 12 divide 608?
False
Does 48 divide 3887?
False
Is 4496 a multiple of 24?
False
Is 77 a factor of 81081?
True
Is 7 a factor of 593?
False
Does 34 divide 1565?
False
Is 287 a multiple of 35?
False
Is 7 a factor of 1058?
False
Does 8 divide 843?
False
Is 13397 a multiple of 186?
False
Is 25 a factor of 8275?
True
Does 65 divide 8818?
False
Is 1905 even?
False
Is 65 a factor of 15852?
False
Is 3 a factor of 597?
True
Is 114 a factor of 5016?
True
Does 105 divide 2023?
False
Does 37 divide 1157?
False
Does 124 divide 4319?
False
Is 886 a multiple of 24?
False
Is 234 a factor of 10221?
False
Does 149 divide 12516?
True
Is 12 a factor of 6147?
False
Is 21 a factor of 1157?
False
Is 5 a factor of 1016?
False
Is 9 a factor of 5286?
False
Does 18 divide 18864?
True
Does 4 divide 358?
False
Does 42 divide 210?
True
Does 94 divide 1598?
True
Is 3419 a multiple of 102?
False
Is 5913 a multiple of 27?
True
Is 4 a factor of 20?
True
Does 5 divide 1235?
True
Is 149 a factor of 17988?
False
Is 3530 a multiple of 5?
True
Does 28 divide 28?
True
Is 1584 a multiple of 44?
True
Is 20 a factor of 23060?
True
Does 11 divide 913?
True
Does 40 divide 18600?
True
Is 12 a factor of 4860?
True
Does 41 divide 902?
True
Is 15540 a multiple of 65?
False
Is 13 a factor of 1118?
True
Does 63 divide 2136?
False
Is 80 even?
True
Is 37 a factor of 1073?
True
Is 6272 a multiple of 16?
True
Is 14432 a multiple of 88?
True
Is 69 a factor of 5876?
False
Does 51 divide 5597?
False
Is 2788 a multiple of 34?
True
Does 47 divide 1006?
False
Is 325 even?
False
Is 1100 a multiple of 55?
True
Is 946 a multiple of 86?
True
Does 7 divide 2688?
True
Is 130 a multiple of 12?
False
Is 199 a factor of 21293?
True
Is 9086 a multiple of 59?
True
Is 19488 a multiple of 24?
True
Does 35 divide 46655?
True
Is 2542 a multiple of 62?
True
Is 955 a multiple of 12?
False
Is 7 a factor of 6755?
True
Does 152 divide 3496?
True
Is 198 a multiple of 9?
True
Is 87 a factor of 6177?
True
Is 3 a factor of 608?
False
Is 5418 a multiple of 37?
False
Does 19 divide 68780?
True
Is 1200 a multiple of 60?
True
Is 260 a multiple of 5?
True
Is 13240 a multiple of 10?
True
Does 35 divide 158?
False
Does 8 divide 55456?
True
Is 12 a factor of 15049?
False
Is 9 a factor of 9402?
False
Is 1872 a multiple of 10?
False
Is 8540 a multiple of 7?
True
Does 172 divide 1720?
True
Is 12 a factor of 77546?
False
Is 10361 a multiple of 13?
True
Is 17248 a multiple of 68?
False
Is 1938 a multiple of 141?
False
Is 2812 a multiple of 42?
False
Does 7 divide 821?
False
Does 26 divide 2800?
False
Does 7 divide 266?
True
Does 15 divide 5208?
False
Is 10 a factor of 726?
False
Is 9 a factor of 3339?
True
Is 1768 a multiple of 26?
True
Does 4 divide 31?
False
Does 9 divide 653?
False
Is 418 a multiple of 11?
True
Does 25 divide 475?
True
Is 3341 a multiple of 13?
True
Is 3 a factor of 182?
False
Is 217 a factor of 1098?
False
Does 3 divide 2573?
False
Is 50 a factor of 2750?
True
Is 836 a multiple of 5?
False
Is 31692 a multiple of 139?
True
Is 32 a factor of 1139?
False
Is 24 a factor of 93?
False
Is 110 a factor of 4730?
True
Does 12 divide 43?
False
Is 18 a factor of 738?
True
Does 72 divide 1224?
True
Is 14732 a multiple of 58?
True
Does 2 divide 99?
False
Is 1470 a multiple of 10?
True
Is 715 a multiple of 5?
True
Is 126 a factor of 5418?
True
Is 19 a factor of 6383?
False
Is 44 a factor of 132?
True
Is 6 a factor of 417?
False
Is 2 a factor of 1917?
False
Does 66 divide 6945?
False
Is 17 a factor of 25076?
False
Is 21 a factor of 819?
True
Does 4 divide 10127?
False
Is 13343 a multiple of 167?
False
Is 1853 a multiple of 5?
False
Is 84 a factor of 1011?
False
Is 1104 a multiple of 48?
True
Is 29 a factor of 29?
True
Does 27 divide 1567?
False
Is 12 a factor of 14677?
False
Is 5404 a multiple of 14?
True
Is 6 a factor of 822?
True
Is 16 a factor of 10106?
False
Is 306 a multiple of 17?
True
Does 159 divide 20988?
True
Is 5 a factor of 245?
True
Is 319 a multiple of 11?
True
Is 2350 a multiple of 47?
True
Is 9341 a multiple of 42?
False
Is 2698 a multiple of 89?
False
Is 95 a factor of 1425?
True
Is 72 a factor of 16883?
False
Does 29 divide 261?
True
Does 9 divide 115362?
True
Does 5 divide 1780?
True
Is 14 a factor of 4231?
False
Does 63 divide 42966?
True
Does 2 divide 271?
False
Is 13968 a multiple of 16?
True
Does 7 divide 917?
True
Does 13 divide 8357?
False
Is 2 a factor of 880?
True
Is 4002 a multiple of 97?
False
Does 9 divide 969?
False
Is 10914 a multiple of 17?
True
Does 6 divide 264?
True
Is 32 a factor of 1344?
True
Does 295 divide 6785?
True
Does 3 divide 24?
True
Is 226 a multiple of 2?
True
Is 11 a fac